{"id":23,"date":"2016-05-26T17:04:28","date_gmt":"2016-05-26T17:04:28","guid":{"rendered":"http:\/\/www.8-bit.ro\/?page_id=23"},"modified":"2024-09-03T13:20:04","modified_gmt":"2024-09-03T13:20:04","slug":"replicare-si-backup-remote","status":"publish","type":"page","link":"https:\/\/www.8-bit.ro\/index.php\/servicii\/replicare-si-backup-remote\/","title":{"rendered":"Replicare \u0219i backup remote"},"content":{"rendered":"<p>\u0218tim c\u00e2t de important\u0103 este p\u0103strarea \u00een siguran\u021b\u0103 a datelor prezente \u00een re\u021belele clien\u021bilor no\u0219tri \u0219i c\u00e2t de costisitoare pot fi ac\u021biunile de recuperare ale acestora, \u00een cazul unor atacuri informatice, \u00een cazul defect\u0103rii unor servere sau sisteme, \u00een cazuri de erori umane sau chiar de for\u021b\u0103 major\u0103.<\/p>\n<p>Tocmai de aceea, am dezvoltat serviciile de backup remote \u0219i replicare, adresate clien\u021bilor no\u0219tri pentru care realiz\u0103m servicii de \u00eentre\u021binere a sistemelor \u0219i administrare a re\u021belelor.<\/p>\n<p>Backup-ul este realizat pe serverele 8-BIT, pe care, prin conexiunea la internet a clientului, se transfer\u0103 informa\u021biile cu o frecven\u021b\u0103 prestabilit\u0103 \u00een func\u021bie de necesit\u0103\u021bi, de la orar\u0103 la anual\u0103.<\/p>\n","protected":false},"excerpt":{"rendered":"<p>\u0218tim c\u00e2t de important\u0103 este p\u0103strarea \u00een siguran\u021b\u0103 a datelor prezente \u00een re\u021belele clien\u021bilor no\u0219tri \u0219i c\u00e2t de costisitoare pot fi ac\u021biunile de recuperare ale acestora, \u00een cazul unor atacuri informatice, \u00een cazul defect\u0103rii unor servere sau sisteme, \u00een cazuri de erori umane sau chiar de for\u021b\u0103 major\u0103. Tocmai de aceea, am dezvoltat serviciile de [&hellip;]<\/p>\n","protected":false},"author":1,"featured_media":0,"parent":14,"menu_order":0,"comment_status":"closed","ping_status":"closed","template":"","meta":{"footnotes":""},"class_list":["post-23","page","type-page","status-publish","hentry"],"_links":{"self":[{"href":"https:\/\/www.8-bit.ro\/index.php\/wp-json\/wp\/v2\/pages\/23"}],"collection":[{"href":"https:\/\/www.8-bit.ro\/index.php\/wp-json\/wp\/v2\/pages"}],"about":[{"href":"https:\/\/www.8-bit.ro\/index.php\/wp-json\/wp\/v2\/types\/page"}],"author":[{"embeddable":true,"href":"https:\/\/www.8-bit.ro\/index.php\/wp-json\/wp\/v2\/users\/1"}],"replies":[{"embeddable":true,"href":"https:\/\/www.8-bit.ro\/index.php\/wp-json\/wp\/v2\/comments?post=23"}],"version-history":[{"count":2,"href":"https:\/\/www.8-bit.ro\/index.php\/wp-json\/wp\/v2\/pages\/23\/revisions"}],"predecessor-version":[{"id":116,"href":"https:\/\/www.8-bit.ro\/index.php\/wp-json\/wp\/v2\/pages\/23\/revisions\/116"}],"up":[{"embeddable":true,"href":"https:\/\/www.8-bit.ro\/index.php\/wp-json\/wp\/v2\/pages\/14"}],"wp:attachment":[{"href":"https:\/\/www.8-bit.ro\/index.php\/wp-json\/wp\/v2\/media?parent=23"}],"curies":[{"name":"wp","href":"https:\/\/api.w.org\/{rel}","templated":true}]}}