{"id":21,"date":"2016-05-26T17:03:04","date_gmt":"2016-05-26T17:03:04","guid":{"rendered":"http:\/\/www.8-bit.ro\/?page_id=21"},"modified":"2024-09-03T13:13:43","modified_gmt":"2024-09-03T13:13:43","slug":"administrare-servere-si-servicii","status":"publish","type":"page","link":"https:\/\/www.8-bit.ro\/index.php\/servicii\/administrare-servere-si-servicii\/","title":{"rendered":"Administrare servere \u0219i servicii"},"content":{"rendered":"<p>De cele mai multe ori, problemele de securitate sunt cauzate de vulnerabilit\u0103\u021bile existente \u00een programe sau de configura\u021biile incorecte sau incomplete ale acestora. Din cauza frecven\u021bei mari de apari\u021bie a noilor vulnerabilit\u0103\u021bi \u00een serviciile utilizate de sistemele clientului, este necesar\u0103 actualizarea lor continu\u0103.<\/p>\n<p>Riscul poten\u021bial \u00een cazul unui atac asupra unui sistem vizibil pe internet este mare. Consecin\u021bele unui astfel de atac pot varia de la acces nelimitat la fluxul de mesaje email, la acces nerestric\u021bionat la orice fi\u0219ier sau informa\u021bie de pe re\u021bea, la aflarea parolelor de acces la diverse servicii \u0219i aplica\u021bii, la alterarea sau distrugerea, accidental\u0103 sau inten\u021bionat\u0103, a informa\u021biilor.<\/p>\n<p>Cu siguran\u021b\u0103, costurile pe care le implic\u0103 remedierea consecin\u021belor unui astfel de atac sunt mari, cu c\u00e2teva ordine de m\u0103rime mai mari dec\u00e2t cele pentru men\u021binerea la zi a sistemelor server.<\/p>\n<p>Avem experien\u021ba \u0219i cuno\u0219tin\u021bele necesare pentru a pune la dispozi\u021bia clien\u021bilor no\u0219tri solu\u021bii personalizate pentru prevenirea sau rezolvarea problemelor de aceast\u0103 natur\u0103, precum \u0219i pentru m\u0103rirea eficien\u021bei, a disponibilit\u0103\u021bii serviciului \u0219i a reducerii costurilor implicate.<\/p>\n<p>O component\u0103 important\u0103 a solu\u021biilor propuse clien\u021bilor o reprezint\u0103 serviciile de administrare a serverelor \u0219i serviciilor:<\/p>\n<p><strong>&gt;_Instalare \u0219i configurare servere:<\/strong> Instalarea \u0219i reinstalarea sistemelor server, de tip Linux, BSD, Windows 2008, 2012, 2016, 2019, 2022, 2025, \u00een func\u021bie de necesit\u0103\u021bile clien\u021bilor.<\/p>\n<p><strong>&gt;_Optimizare servere:<\/strong> Performan\u021bele slabe ale sistemelor server pot fi remediate printr-un proces de optimizare. Acesta se adreseaz\u0103 aplica\u021biilor \u0219i serviciilor deja instalate, dar ale c\u0103ror configura\u021bii nu mai corespund cu nevoile actuale.<\/p>\n<p><strong>&gt;_Administrare servere:<\/strong> Oferim servicii \u0219i solu\u021bii complete pentru administrarea serverelor Linux, BSD, Windows 2008, 2012, 2016, 2019, 2022, 2025.<\/p>\n<p><strong>&gt;_Monitorizare servere:<\/strong> Serviciul include mai multe puncte de monitorizare, aflate la furnizori de servicii diferi\u021bi, pentru a asigura relevan\u021ba rezultatelor. Acesta include monitorizarea continu\u0103 a serviciilor, la intervale de cel pu\u021bin 5 minute, alerte prin email \u00een cazul indisponibilit\u0103\u021bii serviciului, rapoarte \u00een cazul detect\u0103rii de r\u0103spunsuri \u00eent\u00e2rziate sau de performan\u021b\u0103 sc\u0103zut\u0103.<\/p>\n<p><strong>&gt;_Virtualizare servere<\/strong><\/p>\n<p>\u00cen plus fa\u021b\u0103 de serviciile de mai sus, asigur\u0103m administrarea domeniilor internet, administrarea claselor IP interne, administrarea politicilor \u0219i a solu\u021biilor de rutare, servicii hardware on-site pentru sistemele server, backup remote, VPN.<\/p>\n","protected":false},"excerpt":{"rendered":"<p>De cele mai multe ori, problemele de securitate sunt cauzate de vulnerabilit\u0103\u021bile existente \u00een programe sau de configura\u021biile incorecte sau incomplete ale acestora. Din cauza frecven\u021bei mari de apari\u021bie a noilor vulnerabilit\u0103\u021bi \u00een serviciile utilizate de sistemele clientului, este necesar\u0103 actualizarea lor continu\u0103. Riscul poten\u021bial \u00een cazul unui atac asupra unui sistem vizibil pe internet [&hellip;]<\/p>\n","protected":false},"author":1,"featured_media":0,"parent":14,"menu_order":0,"comment_status":"closed","ping_status":"closed","template":"","meta":{"footnotes":""},"class_list":["post-21","page","type-page","status-publish","hentry"],"_links":{"self":[{"href":"https:\/\/www.8-bit.ro\/index.php\/wp-json\/wp\/v2\/pages\/21"}],"collection":[{"href":"https:\/\/www.8-bit.ro\/index.php\/wp-json\/wp\/v2\/pages"}],"about":[{"href":"https:\/\/www.8-bit.ro\/index.php\/wp-json\/wp\/v2\/types\/page"}],"author":[{"embeddable":true,"href":"https:\/\/www.8-bit.ro\/index.php\/wp-json\/wp\/v2\/users\/1"}],"replies":[{"embeddable":true,"href":"https:\/\/www.8-bit.ro\/index.php\/wp-json\/wp\/v2\/comments?post=21"}],"version-history":[{"count":2,"href":"https:\/\/www.8-bit.ro\/index.php\/wp-json\/wp\/v2\/pages\/21\/revisions"}],"predecessor-version":[{"id":110,"href":"https:\/\/www.8-bit.ro\/index.php\/wp-json\/wp\/v2\/pages\/21\/revisions\/110"}],"up":[{"embeddable":true,"href":"https:\/\/www.8-bit.ro\/index.php\/wp-json\/wp\/v2\/pages\/14"}],"wp:attachment":[{"href":"https:\/\/www.8-bit.ro\/index.php\/wp-json\/wp\/v2\/media?parent=21"}],"curies":[{"name":"wp","href":"https:\/\/api.w.org\/{rel}","templated":true}]}}