{"id":17,"date":"2016-05-26T16:55:38","date_gmt":"2016-05-26T16:55:38","guid":{"rendered":"http:\/\/www.8-bit.ro\/?page_id=17"},"modified":"2024-09-03T13:15:20","modified_gmt":"2024-09-03T13:15:20","slug":"audit-si-consultanta-it","status":"publish","type":"page","link":"https:\/\/www.8-bit.ro\/index.php\/servicii\/audit-si-consultanta-it\/","title":{"rendered":"Audit \u0219i consultan\u021b\u0103 IT"},"content":{"rendered":"<p>Unul dintre domeniile noastre de expertiz\u0103 \u00eel reprezint\u0103 acordarea de consultan\u021b\u0103 IT \u00een identificarea celor mai potrivite solu\u021bii \u0219i strategii de exploatare a infrastructurii IT existente \u00eentr-o companie, av\u00e2nd ca rezultat eficientizarea activit\u0103\u021bii clientului.<\/p>\n<p>Suntem \u00een m\u0103sur\u0103 s\u0103 oferim consultan\u021b\u0103 \u0219i solu\u021bii pentru problemele legate de domeniul IT, de la simple configur\u0103ri de sisteme, dezvoltare \u0219i administrare re\u021bele de calculatoare \u0219i servere, p\u00e2n\u0103 la implement\u0103ri de solu\u021bii complete necesare afacerii clientului.<\/p>\n<p>Consultan\u021ba IT pe care o oferim clien\u021bilor este continu\u0103, pe toat\u0103 perioada contractual\u0103, \u0219i poate include recomand\u0103ri \u0219i solu\u021bii pentru dimensionarea \u0219i utilizarea corect\u0103 a infrastructurii hardware \u0219i software, \u00een scopul ob\u021binerii unei eficien\u021be optime.<\/p>\n<p>Colaborarea cu clientul \u00eencepe cu un audit al \u00eentregii infrastructuri IT, \u00een urma c\u0103ruia oferim consultan\u021b\u0103, respectiv implementarea serviciilor \u0219i solu\u021biilor propuse.<\/p>\n","protected":false},"excerpt":{"rendered":"<p>Unul dintre domeniile noastre de expertiz\u0103 \u00eel reprezint\u0103 acordarea de consultan\u021b\u0103 IT \u00een identificarea celor mai potrivite solu\u021bii \u0219i strategii de exploatare a infrastructurii IT existente \u00eentr-o companie, av\u00e2nd ca rezultat eficientizarea activit\u0103\u021bii clientului. Suntem \u00een m\u0103sur\u0103 s\u0103 oferim consultan\u021b\u0103 \u0219i solu\u021bii pentru problemele legate de domeniul IT, de la simple configur\u0103ri de sisteme, dezvoltare [&hellip;]<\/p>\n","protected":false},"author":1,"featured_media":0,"parent":14,"menu_order":0,"comment_status":"closed","ping_status":"closed","template":"","meta":{"footnotes":""},"class_list":["post-17","page","type-page","status-publish","hentry"],"_links":{"self":[{"href":"https:\/\/www.8-bit.ro\/index.php\/wp-json\/wp\/v2\/pages\/17"}],"collection":[{"href":"https:\/\/www.8-bit.ro\/index.php\/wp-json\/wp\/v2\/pages"}],"about":[{"href":"https:\/\/www.8-bit.ro\/index.php\/wp-json\/wp\/v2\/types\/page"}],"author":[{"embeddable":true,"href":"https:\/\/www.8-bit.ro\/index.php\/wp-json\/wp\/v2\/users\/1"}],"replies":[{"embeddable":true,"href":"https:\/\/www.8-bit.ro\/index.php\/wp-json\/wp\/v2\/comments?post=17"}],"version-history":[{"count":2,"href":"https:\/\/www.8-bit.ro\/index.php\/wp-json\/wp\/v2\/pages\/17\/revisions"}],"predecessor-version":[{"id":111,"href":"https:\/\/www.8-bit.ro\/index.php\/wp-json\/wp\/v2\/pages\/17\/revisions\/111"}],"up":[{"embeddable":true,"href":"https:\/\/www.8-bit.ro\/index.php\/wp-json\/wp\/v2\/pages\/14"}],"wp:attachment":[{"href":"https:\/\/www.8-bit.ro\/index.php\/wp-json\/wp\/v2\/media?parent=17"}],"curies":[{"name":"wp","href":"https:\/\/api.w.org\/{rel}","templated":true}]}}